he greatest common divisor of 14 and 4417?
7
Calculate the greatest common divisor of 13 and 533.
13
What is the greatest common factor of 200 and 92?
4
What is the greatest common divisor of 6242 and 2?
2
Calculate the highest common factor of 432 and 45.
9
Calculate the highest common divisor of 92 and 161.
23
Calculate the greatest common divisor of 1 and 1452.
1
What is the greatest common factor of 1807 and 26?
13
What is the highest common divisor of 1 and 43?
1
Calculate the greatest common divisor of 74 and 112.
2
Calculate the greatest common divisor of 5934 and 2.
2
What is the highest common factor of 693 and 63?
63
Calculate the highest common factor of 6948 and 27.
9
What is the greatest common divisor of 1837 and 2171?
167
Calculate the highest common factor of 1044 and 116.
116
What is the highest common factor of 30 and 8870?
10
Calculate the highest common factor of 1743 and 15189.
249
Calculate the greatest common divisor of 6 and 222.
6
What is the highest common divisor of 1048 and 8?
8
Calculate the greatest common factor of 12 and 372.
12
Calculate the greatest common divisor of 900 and 270.
90
Calculate the highest common divisor of 243 and 3.
3
What is the highest common divisor of 2585 and 5?
5
Calculate the greatest common factor of 320 and 128.
64
What is the highest common divisor of 550 and 22?
22
What is the highest common divisor of 2414 and 119?
17
Calculate the greatest common divisor of 3 and 512.
1
Calculate the highest common divisor of 13215 and 15.
15
What is the greatest common divisor of 3681 and 117?
9
What is the highest common factor of 20311 and 38?
19
Calculate the greatest common divisor of 265 and 1272.
53
Calculate the highest common divisor of 42 and 364.
14
Calculate the greatest common factor of 213 and 11147.
71
What is the highest common factor of 25 and 775?
25
What is the greatest common divisor of 56 and 16?
8
Calculate the highest common factor of 360 and 392.
8
What is the greatest common divisor of 63 and 216?
9
Calculate the greatest common factor of 15 and 265.
5
Calculate the greatest common factor of 24 and 150.
6
What is the greatest common factor of 2 and 166?
2
Calculate the greatest common factor of 3 and 45.
3
Calculate the greatest common factor of 1323 and 81.
27
What is the greatest common factor of 19 and 19?
19
What is the highest common factor of 129 and 6407?
43
What is the greatest common divisor of 7960 and 40?
40
What is the greatest common divisor of 3864 and 42?
42
Calculate the greatest common factor of 4433 and 143.
143
Calculate the highest common divisor of 1555 and 15.
5
Calculate the greatest common divisor of 148 and 37.
37
What is the highest common factor of 1375 and 55?
55
What is the greatest common factor of 104 and 286?
26
Calculate the highest common factor of 5 and 1255.
5
What is the highest common divisor of 111 and 925?
37
What is the greatest common divisor of 31 and 341?
31
Calculate the greatest common divisor of 1614 and 6.
6
What is the greatest common divisor of 728 and 7?
7
Calculate the highest common factor of 143 and 3003.
143
Calculate the highest common factor of 588 and 532.
28
What is the greatest common factor of 485 and 194?
97
Calculate the greatest common divisor of 40 and 110.
10
Calculate the highest common divisor of 12 and 44.
4
Calculate the highest common factor of 1012 and 44.
44
What is the highest common divisor of 480 and 15?
15
What is the greatest common divisor of 1264 and 152?
8
What is the highest common factor of 2 and 340?
2
What is the greatest common factor of 29 and 638?
29
What is the greatest common factor of 600 and 2040?
120
What is the greatest common factor of 165 and 485?
5
What is the highest common factor of 224 and 12?
4
What is the highest common divisor of 46 and 46?
46
Calculate the greatest common factor of 425 and 15.
5
Calculate the highest common factor of 11 and 88.
11
What is the greatest common factor of 87 and 17139?
87
Calculate the highest common factor of 5145 and 45.
15
Calculate the highest common divisor of 549 and 477.
9
Calculate the highest common divisor of 5163 and 6.
3
What is the highest common factor of 1812 and 12?
12
Calculate the greatest common divisor of 44 and 396.
44
Calculate the highest common factor of 1333 and 155.
31
What is the highest common factor of 54 and 18954?
54
Calculate the greatest common divisor of 28 and 1372.
28
Calculate the highest common divisor of 57 and 17499.
57
What is the highest common divisor of 528 and 768?
48
What is the greatest common divisor of 140 and 28?
28
What is the highest common factor of 136 and 8?
8
Calculate the highest common factor of 24 and 108.
12
Calculate the highest common divisor of 1586 and 2318.
122
Calculate the greatest common divisor of 638 and 174.
58
Calculate the greatest common divisor of 450 and 600.
150
What is the highest common divisor of 572 and 66?
22
Calculate the greatest common divisor of 414 and 18.
18
What is the highest common factor of 25636 and 17?
17
What is the highest common factor of 10 and 32?
2
What is the highest common factor of 21 and 13839?
21
What is the greatest common divisor of 2464 and 220?
44
Calculate the greatest common factor of 884 and 20.
4
Calculate the highest common divisor of 33 and 9537.
33
Calculate the highest common factor of 73 and 16425.
73
What is the greatest common divisor of 1102 and 290?
58
Calculate the highest common factor of 12 and 102.
6
Calculate the highest common factor of 90 and 144.
18
Calculate the greatest common divisor of 13690 and 10.
10
Calculate the greatest common factor of 217 and 2807.
7
What is the highest common factor of 1248 and 39?
39
Calculate the highest common divisor of 4824 and 360.
72
Calculate the highest common factor of 17 and 2227.
17
Calculate the highest common divisor of 16 and 1352.
8
What is the greatest common divisor of 17 and 114937?
17
Calculate the greatest common divisor of 667 and 1421.
29
Calculate the greatest common factor of 2745 and 45.
45
What is the greatest common divisor of 124 and 186?
62
Calculate the greatest common factor of 1146 and 123.
3
What is the highest common factor of 80 and 784?
16
What is the greatest common divisor of 90 and 90?
90
What is the greatest common divisor of 96 and 12?
12
Calculate the greatest common divisor of 6 and 750.
6
What is the highest common factor of 10 and 249?
1
What is the highest common factor of 767 and 472?
59
What is the highest common divisor of 128 and 384?
128
What is the greatest common divisor of 6669 and 45?
9
What is the greatest common divisor of 3796 and 1460?
292
Calculate the highest common divisor of 980 and 224.
28
What is the greatest common divisor of 32 and 1?
1
What is the greatest common divisor of 57 and 471?
3
What is the greatest common divisor of 71 and 11147?
71
Calculate the greatest common factor of 287 and 413.
7
What is the greatest common divisor of 168 and 1448?
8
Calculate the highest common divisor of 256 and 12.
4
What is the greatest common divisor of 912 and 2622?
114
What is the greatest common factor of 209 and 57?
19
What is the highest common factor of 83 and 5395?
83
What is the greatest common divisor of 511 and 7?
7
What is the highest common divisor of 35583 and 818?
409
What is the greatest common factor of 17 and 1581?
17
What is the greatest common divisor of 14004 and 36?
36
What is the greatest common divisor of 828 and 184?
92
Calculate the greatest common factor of 20 and 54210.
10
Calculate the greatest common divisor of 136 and 15164.
68
Calculate the highest common factor of 45380 and 20.
20
Calculate the highest common divisor of 209 and 275.
11
Calculate the greatest common divisor of 27 and 837.
27
What is the greatest common factor of 19519 and 393?
131
What is the highest common divisor of 287 and 697?
41
Calculate the highest common factor of 27 and 882.
9
What is the highest common divisor of 8483 and 68?
17
What is the greatest common divisor of 480 and 3168?
96
What is the highest common divisor of 195 and 1020?
15
Calculate the highest common factor of 1914 and 132.
66
Calculate the highest common divisor of 345 and 120.
15
What is the highest common divisor of 4067 and 332?
83
Calculate the gr